{"id":47,"date":"2023-10-25T12:29:18","date_gmt":"2023-10-25T10:29:18","guid":{"rendered":"https:\/\/pflege.awo-bielefeld.de\/?page_id=47"},"modified":"2025-11-14T13:03:38","modified_gmt":"2025-11-14T12:03:38","slug":"jobs","status":"publish","type":"page","link":"https:\/\/awo-bielefeld.org\/pflege\/jobs\/","title":{"rendered":"Jobportal"},"content":{"rendered":"\n<div class=\"wp-block-columns is-layout-flex wp-container-core-columns-is-layout-d0b3c9c8 wp-block-columns-is-layout-flex\">\n<div class=\"wp-block-column is-layout-flow wp-block-column-is-layout-flow\">\n<h2 class=\"wp-block-heading\"><mark style=\"background-color:rgba(0, 0, 0, 0)\" class=\"has-inline-color has-custom-wei-color\">Jobs mit Sinn und Perspektive<\/mark><\/h2>\n\n\n\n<p>Beim AWO Kreisver\u00adband Biele\u00adfeld set\u00adzen sich \u00fcber 900 engagierte Mitarbeiter*innen t\u00e4glich f\u00fcr Men\u00adschen in ver\u00adschiede\u00adnen Lebensla\u00adgen ein \u2013 mit Herz, Kom\u00adpe\u00adtenz und Teamgeist.<\/p>\n\n\n\n<p>Nutzen Sie die Chance, Teil unseres vielf\u00e4lti\u00adgen Teams zu wer\u00adden! Wir bieten Ihnen eine sinns\u00adtif\u00adtende T\u00e4tigkeit in einem sozialen Umfeld, das Wert auf Mit\u00adgestal\u00adtung, Weit\u00ader\u00adbil\u00addung und ein respek\u00adtvolles Miteinan\u00adder legt.<\/p>\n\n\n\n<p>Unsere aktuellen Stel\u00adlenange\u00adbote \u2013 inklu\u00adsive aller wichti\u00adgen Infor\u00adma\u00adtio\u00adnen zu Auf\u00adgaben, Anforderun\u00adgen, Bewer\u00adbungswe\u00adgen und den jew\u00adeili\u00adgen Ansprech\u00adper\u00adso\u00adn\u00aden \u2013 find\u00aden Sie auf dieser Seite. Wir freuen uns auf Ihre Bewer\u00adbung!<\/p>\n\n\n\n<h2 class=\"wp-block-heading\"><mark style=\"background-color:#e2001a\" class=\"has-inline-color has-custom-wei-color\">Initiativbewerbungen<\/mark><\/h2>\n\n\n\n<p>Wenn Sie in unseren aktuellen Stel\u00adlenange\u00adboten nicht f\u00fcndig wer\u00adden, <a href=\"https:\/\/bewerbermanagement.net\/de\/jobposting\/3a5a1f7c8a24aa2ab5f53b78c7937fd9aedb7eec4\/apply\">senden Sie uns gerne Ihre Ini\u00adtia\u00adtivbe\u00adwer\u00adbung<\/a> f\u00fcr unter\u00adschiedliche T\u00e4tigkeit\u00aden und Arbeits\u00adbere\u00adiche.<\/p>\n<\/div>\n\n\n\n<div class=\"wp-block-column is-layout-flow wp-block-column-is-layout-flow\">\n<figure class=\"wp-block-image size-large\"><img loading=\"lazy\" decoding=\"async\" width=\"768\" height=\"1024\" src=\"http:\/\/awo-bielefeld.org\/pflege\/wp-content\/uploads\/sites\/3\/2025\/11\/jobs-768x1024.jpeg\" alt=\"Eine Mitarbeiterin des AWO Pflegedienstes Bielefeld f\u00e4hrt l\u00e4chelnd mit dem E-Bike durch die Stadt \u2013 bereit f\u00fcr ihren n\u00e4chsten Einsatz.\" class=\"wp-image-370\" srcset=\"https:\/\/awo-bielefeld.org\/pflege\/wp-content\/uploads\/sites\/3\/2025\/11\/jobs-768x1024.jpeg 768w, https:\/\/awo-bielefeld.org\/pflege\/wp-content\/uploads\/sites\/3\/2025\/11\/jobs-225x300.jpeg 225w, https:\/\/awo-bielefeld.org\/pflege\/wp-content\/uploads\/sites\/3\/2025\/11\/jobs.jpeg 960w\" sizes=\"auto, (max-width: 768px) 100vw, 768px\"><\/figure>\n<\/div>\n<\/div>\n\n\n\n<h2 class=\"wp-block-heading\"><mark style=\"background-color:#e2001a\" class=\"has-inline-color has-custom-wei-color\">Aktuelle Stellenangebote<\/mark><\/h2>\n\n\n\n<script src=\"https:\/\/static.b-ite.com\/jobs-api\/loader-v1\/api-loader-v1.min.js\"><\/script>\n<div class=\"joboffers-block\" data-bite-jobs-api-listing=\"awo-kreisverband-bielefeld:main-listing\"><\/div>\n","protected":false},"excerpt":{"rendered":"<p>Jobs mit Sinn und Per\u00adspek\u00adtive Beim AWO Kreisver\u00adband Biele\u00adfeld set\u00adzen sich \u00fcber 900 engagierte Mitarbeiter*innen t\u00e4glich f\u00fcr Men\u00adschen in ver\u00adschiede\u00adnen Lebensla\u00adgen ein \u2013 mit Herz, Kom\u00adpe\u00adtenz und Teamgeist. Nutzen Sie die Chance, Teil unseres vielf\u00e4lti\u00adgen Teams zu wer\u00adden! Wir bieten Ihnen eine sinns\u00adtif\u00adtende T\u00e4tigkeit in einem sozialen Umfeld, das Wert auf Mit\u00adgestal\u00adtung, Weit\u00ader\u00adbil\u00addung und ein [\u2026]<\/p>\n","protected":false},"author":1,"featured_media":0,"parent":0,"menu_order":0,"comment_status":"closed","ping_status":"closed","template":"","meta":{"wp_typography_post_enhancements_disabled":false,"footnotes":""},"class_list":["post-47","page","type-page","status-publish","hentry"],"publishpress_future_action":{"enabled":false,"date":"2026-04-29 12:38:23","action":"change-status","newStatus":"draft","terms":[],"taxonomy":"","extraData":[]},"publishpress_future_workflow_manual_trigger":{"enabledWorkflows":[]},"_links":{"self":[{"href":"https:\/\/awo-bielefeld.org\/pflege\/wp-json\/wp\/v2\/pages\/47","targetHints":{"allow":["GET"]}}],"collection":[{"href":"https:\/\/awo-bielefeld.org\/pflege\/wp-json\/wp\/v2\/pages"}],"about":[{"href":"https:\/\/awo-bielefeld.org\/pflege\/wp-json\/wp\/v2\/types\/page"}],"author":[{"embeddable":true,"href":"https:\/\/awo-bielefeld.org\/pflege\/wp-json\/wp\/v2\/users\/1"}],"replies":[{"embeddable":true,"href":"https:\/\/awo-bielefeld.org\/pflege\/wp-json\/wp\/v2\/comments?post=47"}],"version-history":[{"count":2,"href":"https:\/\/awo-bielefeld.org\/pflege\/wp-json\/wp\/v2\/pages\/47\/revisions"}],"predecessor-version":[{"id":373,"href":"https:\/\/awo-bielefeld.org\/pflege\/wp-json\/wp\/v2\/pages\/47\/revisions\/373"}],"wp:attachment":[{"href":"https:\/\/awo-bielefeld.org\/pflege\/wp-json\/wp\/v2\/media?parent=47"}],"curies":[{"name":"wp","href":"https:\/\/api.w.org\/{rel}","templated":true}]}}