{"id":324,"date":"2025-11-14T09:50:14","date_gmt":"2025-11-14T08:50:14","guid":{"rendered":"https:\/\/awo-bielefeld.org\/pflege\/?page_id=324"},"modified":"2025-11-14T12:47:14","modified_gmt":"2025-11-14T11:47:14","slug":"tagespflege","status":"publish","type":"page","link":"https:\/\/awo-bielefeld.org\/pflege\/tagespflege\/","title":{"rendered":"Tagespflege"},"content":{"rendered":"\n<div class=\"wp-block-columns is-layout-flex wp-container-core-columns-is-layout-d0b3c9c8 wp-block-columns-is-layout-flex\">\n<div class=\"wp-block-column is-layout-flow wp-block-column-is-layout-flow\">\n<h2 class=\"wp-block-heading\"><mark style=\"background-color:#e2001a\" class=\"has-inline-color has-custom-wei-color\">Betreuung mit&nbsp;Herz!<br>Gemeinsam wohlf\u00fchlen und den Tag erleben.<\/mark><\/h2>\n\n\n\n<p>Gemein\u00adsam den Tag gestal\u00adten, zusam\u00admen Zeit ver\u00adbrin\u00adgen, am Nach\u00admit\u00adtag wieder in die eige\u00adnen vier W\u00e4nde zur\u00fcck. Weit\u00ader im eige\u00adnen Zuhause wohnen, Sicher\u00adheit und Ver\u00adtrauen erleben. So funk\u00adtion\u00adiert unsere Tage\u00adspflege.<\/p>\n\n\n\n<p>Mon\u00adtags bis fre\u00aditags ist die Tage\u00adspflege in der Zeit von 8.00 bis 16.00 Uhr f\u00fcr unsere G\u00e4ste ge\u00f6ffnet.<\/p>\n\n\n\n<p>Der Tagesablauf ori\u00aden\u00adtiert sich an den Bedar\u00adfen und W\u00fcn\u00adschen unser\u00ader G\u00e4ste. Wiederkehrende Abl\u00e4ufe bieten Struk\u00adtur und Sicher\u00adheit. Die per\u00ads\u00f6n\u00adliche Wertsch\u00e4tzung jedes Gastes ist Grund\u00adlage f\u00fcr unser Han\u00addeln.<\/p>\n\n\n\n<h2 class=\"wp-block-heading\"><mark style=\"background-color:#e2001a\" class=\"has-inline-color has-custom-wei-color\">Gute Gr\u00fcnde f\u00fcr die Tagespflege<\/mark><\/h2>\n\n\n\n<ul class=\"wp-block-list\">\n<li>Gemein\u00adschaft in famil\u00adi\u00e4r\u00ader Atmo\u00adsph\u00e4re<\/li>\n\n\n\n<li>Unter\u00adst\u00fctzung bei der Gestal\u00adtung eigen\u00ader Freir\u00e4ume<\/li>\n\n\n\n<li>Neues ent\u00addeck\u00aden und erleben<\/li>\n\n\n\n<li>Gemein\u00adsamer Aus\u00adtausch und soziale Kon\u00adtak\u00adte<\/li>\n\n\n\n<li>Ent\u00adlas\u00adtung von pfle\u00adgen\u00adden Ange\u00adh\u00f6ri\u00adgen<\/li>\n\n\n\n<li>Beratung f\u00fcr pfle\u00adgende Ange\u00adh\u00f6rige<\/li>\n\n\n\n<li>Ver\u00admit\u00adtlung weit\u00ader\u00ader unter\u00adst\u00fctzen\u00adder Ange\u00adbote<\/li>\n<\/ul>\n\n\n\n<h2 class=\"wp-block-heading\"><mark style=\"background-color:#e2001a\" class=\"has-inline-color has-custom-wei-color\">Mit Aktivit\u00e4ten und Ruhe durch den&nbsp;Tag<\/mark><\/h2>\n\n\n\n<ul class=\"wp-block-list\">\n<li>Gespr\u00e4chs- und Spiel\u00adrun\u00adden<\/li>\n\n\n\n<li>Musik und Bewe\u00adgung<\/li>\n\n\n\n<li>Einzel- und Grup\u00adpenange\u00adbote<\/li>\n\n\n\n<li>Feste und Aus\u00adfl\u00fcge<\/li>\n\n\n\n<li>Spazierg\u00e4nge<\/li>\n\n\n\n<li>G\u00e4rt\u00adnern im Fr\u00fch\u00adling und Som\u00admer<\/li>\n\n\n\n<li>Entspan\u00adnung<\/li>\n\n\n\n<li>und vieles&nbsp;mehr<\/li>\n<\/ul>\n\n\n\n<h2 class=\"wp-block-heading\"><mark style=\"background-color:#e2001a\" class=\"has-inline-color has-custom-wei-color\">Gemeinsame Mahlzeiten<\/mark><\/h2>\n\n\n\n<ul class=\"wp-block-list\">\n<li>Fr\u00fch\u00adst\u00fcck, Mit\u00adtagstisch und Kaf\u00adfee am Nach\u00admit\u00adtag<\/li>\n\n\n\n<li>Schmack\u00adhaft und gesund<\/li>\n<\/ul>\n\n\n\n<h2 class=\"wp-block-heading\"><mark style=\"background-color:#e2001a\" class=\"has-inline-color has-custom-wei-color\">Ruheorte<\/mark><\/h2>\n\n\n\n<p>Attrak\u00adtiv gestal\u00adtete R\u00e4ume innen und au\u00dfen f\u00fcr indi\u00advidu\u00adelle Ruhebed\u00fcrfnisse<\/p>\n\n\n\n<h2 class=\"wp-block-heading\"><mark style=\"background-color:#e2001a\" class=\"has-inline-color has-custom-wei-color\">Lage<\/mark><\/h2>\n\n\n\n<p>Unsere&nbsp;<strong>AWO&nbsp;Tage\u00adspflege&nbsp;<\/strong>Brock\u00ade\u00adiche in Biele\u00adfeld-Altenhagen liegt in ein\u00ader verkehrs\u00adberuhigten Zone in einem Neubau der&nbsp;BGW&nbsp;(Biele\u00adfelder Gesellschaft f\u00fcr Wohnen und Immo\u00adbilien\u00addi\u00aden\u00adstleis\u00adtun\u00adgen). Sie erg\u00e4nzt das Biele\u00adfelder Mod\u00adell: \u201eWohnen und Leben mit gr\u00f6\u00dft\u00adm\u00f6glich\u00ader Ver\u00adsorgungssicher\u00adheit im Quarti\u00ader\u201c. Unsere Tage\u00adspflege bietet Platz f\u00fcr 15 Tages\u00adg\u00e4ste.<\/p>\n\n\n\n<p>Das Kern\u00adst\u00fcck unser\u00ader hellen und fre\u00adundlichen Tage\u00adspflege ist der gro\u00dfe Wohn\u00adraum mit inte\u00adgri\u00adert\u00ader K\u00fcche. Zum Aus\u00adruhen ste\u00adhen gem\u00fctliche Ruh\u00ade\u00adses\u00adsel und ein Pflege\u00adbett zur Ver\u00adf\u00fc\u00adgung. Eine Ter\u00adrasse mit kleinem Garten l\u00e4dt zum Ver\u00adweilen und Genie\u00dfen&nbsp;ein.<\/p>\n\n\n\n<h2 class=\"wp-block-heading\"><mark style=\"background-color:#e2001a\" class=\"has-inline-color has-custom-wei-color\">Schnupperangebote<\/mark><\/h2>\n\n\n\n<p>Bei einem kosten\u00adfreien Schnup\u00adpertag k\u00f6n\u00adnen Sie unsere Tage\u00adspflege und ihre Abl\u00e4ufe ken\u00adnen\u00adler\u00adnen.<\/p>\n\n\n\n<h2 class=\"wp-block-heading\"><mark style=\"background-color:#e2001a\" class=\"has-inline-color has-custom-wei-color\">Finanzierung<\/mark><\/h2>\n\n\n\n<p>Ihre Pflegekasse unter\u00adst\u00fctzt Sie je nach Pflege\u00adgrad bei der Finanzierung der Tage\u00adspflege. Erg\u00e4nzend tr\u00e4gt das Sozialamt weit\u00adere Kosten, je nach Anspruchs\u00adberech\u00adti\u00adgung.<\/p>\n\n\n\n<p>In einem per\u00ads\u00f6n\u00adlichen Beratungs\u00adge\u00adspr\u00e4ch informieren wir Sie gerne \u00fcber unser Leis\u00adtungsange\u00adbot, die Finanzierung durch die Pflegekassen und unseren Fahr\u00addi\u00adenst.<\/p>\n<\/div>\n\n\n\n<div class=\"wp-block-column is-layout-flow wp-block-column-is-layout-flow\">\n<figure class=\"wp-block-image size-large\"><img loading=\"lazy\" decoding=\"async\" width=\"1024\" height=\"1024\" src=\"http:\/\/awo-bielefeld.org\/pflege\/wp-content\/uploads\/sites\/3\/2025\/11\/1-1024x1024.jpg\" alt=\"Eine Mitarbeiterin des AWO Pflegedienstes Bielefeld sitzt l\u00e4chelnd auf einem E-Bike \u2013 bereit f\u00fcr den Einsatz. Text: \u201eWir kommen zu Ihnen. Egal wie\u2026\u201c\" class=\"wp-image-358\" srcset=\"https:\/\/awo-bielefeld.org\/pflege\/wp-content\/uploads\/sites\/3\/2025\/11\/1-1024x1024.jpg 1024w, https:\/\/awo-bielefeld.org\/pflege\/wp-content\/uploads\/sites\/3\/2025\/11\/1-300x300.jpg 300w, https:\/\/awo-bielefeld.org\/pflege\/wp-content\/uploads\/sites\/3\/2025\/11\/1-150x150.jpg 150w, https:\/\/awo-bielefeld.org\/pflege\/wp-content\/uploads\/sites\/3\/2025\/11\/1-768x768.jpg 768w, https:\/\/awo-bielefeld.org\/pflege\/wp-content\/uploads\/sites\/3\/2025\/11\/1.jpg 1080w\" sizes=\"auto, (max-width: 1024px) 100vw, 1024px\"><\/figure>\n\n\n\n<h2 class=\"wp-block-heading\"><mark style=\"background-color:#e2001a\" class=\"has-inline-color has-custom-wei-color\">Kontakt<\/mark><\/h2>\n\n\n\n<p>Brock\u00ade\u00adiche 8<br>33729 Biele\u00adfeld<\/p>\n\n\n\n<p>Tel. 0521 922 797 20<br>Mobil 0173 101 56 68<\/p>\n\n\n\n<p><a href=\"mailto:tagespflege@awo-bielefeld.de\">tagespflege@awo-bielefeld.de<\/a><\/p>\n<\/div>\n<\/div>\n","protected":false},"excerpt":{"rendered":"<p>Betreu\u00adung mit&nbsp;Herz!Gemeinsam wohlf\u00fchlen und den Tag erleben. Gemein\u00adsam den Tag gestal\u00adten, zusam\u00admen Zeit ver\u00adbrin\u00adgen, am Nach\u00admit\u00adtag wieder in die eige\u00adnen vier W\u00e4nde zur\u00fcck. Weit\u00ader im eige\u00adnen Zuhause wohnen, Sicher\u00adheit und Ver\u00adtrauen erleben. So funk\u00adtion\u00adiert unsere Tage\u00adspflege. Mon\u00adtags bis fre\u00aditags ist die Tage\u00adspflege in der Zeit von 8.00 bis 16.00 Uhr f\u00fcr unsere G\u00e4ste ge\u00f6ffnet. Der [\u2026]<\/p>\n","protected":false},"author":1,"featured_media":0,"parent":0,"menu_order":0,"comment_status":"closed","ping_status":"closed","template":"","meta":{"wp_typography_post_enhancements_disabled":false,"footnotes":""},"class_list":["post-324","page","type-page","status-publish","hentry"],"publishpress_future_action":{"enabled":false,"date":"2026-04-29 10:43:15","action":"change-status","newStatus":"draft","terms":[],"taxonomy":"","extraData":[]},"publishpress_future_workflow_manual_trigger":{"enabledWorkflows":[]},"_links":{"self":[{"href":"https:\/\/awo-bielefeld.org\/pflege\/wp-json\/wp\/v2\/pages\/324","targetHints":{"allow":["GET"]}}],"collection":[{"href":"https:\/\/awo-bielefeld.org\/pflege\/wp-json\/wp\/v2\/pages"}],"about":[{"href":"https:\/\/awo-bielefeld.org\/pflege\/wp-json\/wp\/v2\/types\/page"}],"author":[{"embeddable":true,"href":"https:\/\/awo-bielefeld.org\/pflege\/wp-json\/wp\/v2\/users\/1"}],"replies":[{"embeddable":true,"href":"https:\/\/awo-bielefeld.org\/pflege\/wp-json\/wp\/v2\/comments?post=324"}],"version-history":[{"count":3,"href":"https:\/\/awo-bielefeld.org\/pflege\/wp-json\/wp\/v2\/pages\/324\/revisions"}],"predecessor-version":[{"id":363,"href":"https:\/\/awo-bielefeld.org\/pflege\/wp-json\/wp\/v2\/pages\/324\/revisions\/363"}],"wp:attachment":[{"href":"https:\/\/awo-bielefeld.org\/pflege\/wp-json\/wp\/v2\/media?parent=324"}],"curies":[{"name":"wp","href":"https:\/\/api.w.org\/{rel}","templated":true}]}}